et s(h) = 53*h**2 - 1993*h + 4835. Give s(35).
5
Let n(w) = -259*w + 18484. Calculate n(71).
95
Let u(z) = 114*z - 6570. Give u(57).
-72
Let n(t) = -t**2 - 1284*t - 173234. What is n(-153)?
-191
Let a(l) = -2*l**2 + 511*l + 45974. What is a(326)?
8
Let t(l) = -l**3 - 5*l**2 + 318*l - 5. Calculate t(0).
-5
Let o(u) = -u**3 - 89*u**2 - 334*u + 470. What is o(-85)?
-40
Let a(r) = 1469*r + 17633. Give a(-12).
5
Let x(n) = -93*n**2 - 10409*n - 10398. Determine x(-1).
-82
Let h(f) = -2*f**3 + 3*f**2 - 20*f + 101. Calculate h(4).
-59
Let u(p) = p**2 - 380*p - 25261. Calculate u(-57).
-352
Let p(l) = -12*l**2 + 330*l - 2058. Give p(10).
42
Let o(s) = -s**3 - 71*s**2 + 1517*s - 357. Give o(17).
0
Let d(w) = -4*w**3 + 68*w**2 - 143*w + 2416. Give d(17).
-15
Let g(d) = 4721090*d + 33047625. What is g(-7)?
-5
Let p(c) = -53*c**3 - 47*c**2 + c + 194. Give p(-2).
428
Let r(l) = 2292*l - 29961. Calculate r(13).
-165
Let u(n) = -n**2 - 47974*n + 95949. Determine u(2).
-3
Let z(f) = -1787*f - 17943. What is z(-10)?
-73
Let t(h) = 17*h**2 + 293*h - 404. What is t(-13)?
-1340
Let u(g) = 3*g**3 + 113*g**2 - 559*g - 543. Give u(-42).
3
Let y(d) = 63405*d + 317000. Determine y(-5).
-25
Let d(t) = 8*t**3 + 130*t**2 + 432*t + 104. What is d(-4)?
-56
Let w(h) = h**3 + 2766*h**2 - 24986*h - 18. Calculate w(9).
-117
Let w(j) = j**3 - 60*j**2 + 598*j + 94. Determine w(47).
-517
Let m(j) = 7*j**3 + 5667*j**2 + 896348*j + 1194. Determine m(-594).
6
Let g(z) = 1387*z + 36050. Determine g(-26).
-12
Let k(h) = 74*h + 2963. Give k(-17).
1705
Let n(r) = -323*r**2 - 3883*r - 7762. Give n(-2).
-1288
Let f(d) = 2*d**2 + 1377*d + 103646. What is f(-86)?
16
Let y(p) = 3*p**3 + 175*p**2 - 308*p - 501. Give y(-60).
-21
Let f(k) = 11*k**3 + 410*k**2 + 49*k - 2271. Calculate f(-37).
23
Let g(x) = 23*x**2 + 457*x - 7802. Determine g(11).
8
Let n(g) = 3*g**3 - 13*g**2 + 112*g - 263. What is n(3)?
37
Let a(p) = -2*p**3 - 52*p**2 - 375*p - 9724. Calculate a(-26).
26
Let a(r) = 22191*r + 5769672. Determine a(-260).
12
Let t(m) = 4672*m + 2747166. Calculate t(-588).
30
Let w(y) = -y**3 + 95*y**2 + 608*y + 21. Calculate w(-6).
9
Let g(v) = -v**3 + 92*v**2 - 1194*v + 209. Give g(76).
1881
Let l(k) = 888*k + 160303. Calculate l(-180).
463
Let p(s) = -109091*s + 217141. Determine p(2).
-1041
Let v(y) = 37*y**2 + 80*y + 13. Determine v(8).
3021
Let s(q) = -q**2 + 2*q + 5411. Determine s(74).
83
Let p(w) = -2*w**3 + 81*w**2 + 320*w - 268. Calculate p(44).
260
Let m(s) = -21018*s - 4918209. Give m(-234).
3
Let f(d) = -4*d**3 + 221*d**2 + 111692*d + 1394. Calculate f(197).
15
Let w(z) = -14960*z - 14993. Calculate w(-1).
-33
Let a(i) = i**3 - 48*i**2 + 103*i + 359. What is a(45)?
-1081
Let i(h) = 83*h**2 - 1086*h + 3502. Give i(7).
-33
Let y(z) = 2*z**2 - 134*z - 915. Calculate y(74).
121
Let m(f) = f**2 + 26*f - 709. Calculate m(-38).
-253
Let o(w) = 31*w**2 + 14*w + 199. Give o(9).
2836
Let j(h) = 5*h**3 - 217*h**2 - 1086*h - 821. Give j(48).
43
Let j(k) = -2*k**2 + 43081*k + 560385. Give j(-13).
-6
Let o(k) = 3*k**2 + 20405*k + 61216. What is o(-3)?
28
Let h(s) = -s**2 - 308*s - 19359. Determine h(-88).
1
Let o(b) = 181*b**2 - 1468*b - 10. Give o(8).
-170
Let g(v) = -347*v**2 - 20833*v - 726. What is g(-60)?
54
Let n(j) = -j**2 - 2754*j + 174392. Calculate n(62).
-200
Let o(c) = -4295*c + 4247614. Give o(989).
-141
Let u(c) = 732*c**2 + 8911*c + 1548. What is u(-12)?
24
Let p(b) = 2836*b + 232532. Give p(-82).
-20
Let k(v) = -v**3 + 47*v**2 + 193*v - 194. Determine k(51).
-755
Let p(n) = -1205*n + 55438. Determine p(46).
8
Let g(a) = -1123*a**2 - 11223*a + 102. Give g(-10).
32
Let a(g) = -g**2 + 5672*g - 101770. Give a(18).
2
Let q(d) = 2*d**3 - 39*d**2 + 166*d - 49. Calculate q(13).
-88
Let a(q) = 5*q**3 - 150*q**2 + 4*q + 9. Give a(30).
129
Let k(v) = 2811*v + 3603. What is k(1)?
6414
Let y(j) = -9654*j + 212407. Give y(22).
19
Let g(w) = 2386*w - 31339. Calculate g(13).
-321
Let o(f) = -207125*f + 1864123. Calculate o(9).
-2
Let u(a) = -a**2 + 346*a - 13183. Calculate u(43).
-154
Let s(w) = 4*w**2 - 200*w + 1060. Give s(44).
4
Let m(w) = -5*w**2 - 842*w - 8668. Give m(-11).
-11
Let o(n) = n**2 - 61808*n - 247246. Calculate o(-4).
2
Let d(s) = -s**2 + 10*s + 976. Calculate d(45).
-599
Let r(y) = 135*y + 1470. Calculate r(-7).
525
Let q(x) = x**3 - 19*x**2 - 4*x + 230. What is q(4)?
-26
Let y(a) = 19227*a + 2191877. Give y(-114).
-1
Let a(l) = 20*l**2 + 906*l + 6167. What is a(-37)?
25
Let n(z) = 39*z**2 + 8*z + 84. Determine n(-6).
1440
Let p(x) = -3*x**2 - 291*x - 272. Give p(-95).
298
Let c(i) = i**3 + 20*i**2 - 65*i - 863. Determine c(-10).
787
Let o(x) = 762*x + 21701. Calculate o(-23).
4175
Let x(p) = 636*p + 55996. What is x(-88)?
28
Let s(o) = 7*o**3 - 124*o**2 - 475*o - 93. Give s(21).
75
Let z(r) = -3*r**3 - 422*r**2 - 3063*r - 512. What is z(-133)?
20
Let w(s) = 3664*s - 18322. Give w(5).
-2
Let l(v) = -151509*v - 1666601. What is l(-11)?
-2
Let i(l) = -5*l**2 + 2192*l - 17389. What is i(8)?
-173
Let v(m) = 90*m + 12316. Calculate v(-138).
-104
Let o(u) = 2*u**2 + 7200*u - 1753676. Determine o(229).
6
Let s(u) = 94*u - 147. What is s(-1)?
-241
Let v(x) = x**3 + 95*x**2 + 467*x + 26094. What is v(-93)?
-39
Let f(d) = -234*d - 15476. Calculate f(-51).
-3542
Let y(t) = -2*t**3 - 180*t**2 - t + 1072. Determine y(-90).
1162
Let t(o) = -18*o**2 - 8*o + 35. Determine t(-2).
-21
Let m(y) = 1411*y + 184833. What is m(-131)?
-8
Let u(o) = o**3 - 140*o**2 - 10718*o - 1339. Give u(195).
26
Let p(x) = 8246*x - 33. Calculate p(0).
-33
Let m(a) = -a**3 - 30*a**2 - 5147*a - 173121. Give m(-33).
-3
Let m(z) = -9*z**3 - 308*z**2 - 896*z + 41. Calculate m(-31).
-52
Let j(f) = f**3 + f**2 + 44*f - 594. Give j(10).
946
Let y(l) = 3*l**3 + 366*l**2 - 553*l - 22666. Determine y(-123).
-34
Let r(x) = x**3 - 27*x**2 + 483*x - 5558. Calculate r(17).
-237
Let c(j) = 2079*j - 45773. Calculate c(22).
-35
Let g(n) = -n**3 + 86*n**2 + 1878*n - 297. What is g(104)?
327
Let i(g) = 13*g**2 + 14092*g + 28178. What is i(-2)?
46
Let p(j) = -50594*j + 3136841. Give p(62).
13
Let u(d) = d**2 + 25390*d - 304509. Calculate u(12).
315
Let d(j) = 858*j**2 - 3346*j - 425. What is d(4)?
-81
Let p(w) = -9*w**3 + 18*w**2 + 522*w - 1042. Determine p(2).
2
Let p(a) = -515*a - 30433. What is p(-55)?
-2108
Let v(j) = -14245*j - 1296294. What is v(-91)?
1
Let s(l) = -23*l**2 + 3772*l - 38774. Determine s(11).
-65
Let y(s) = -s**3 + 452*s**2 - 907*s + 9. Determine y(2).
-5
Let v(w) = 2*w**2 + 168107*w - 168106. Calculate v(1).
3
Let o(y) = 8*y**2 - 19363*y - 135472. Give o(-7).
461
Let k(i) = -15*i**2 + 1317*i - 930. Calculate k(87).
114
Let u(f) = -9198*f - 55184. Calculate u(-6).
4
Let p(g) = 139006*g + 24048030. Calculate p(-173).
-8
Let o(i) = -391*i + 5846. What is o(15)?
-19
Let f(u) = u**2 + 19732*u + 153. What is f(0)?
153
Let u(s) = 31079*s - 13177503. Calculate u(424).
-7
Let n(q) = q**2 - 228*q + 12998. What is n(111)?
11
Let w(j) = 9*j**2 - 2352*j - 49725. Determine w(281).
12
Let s(x) = -7*x**2 - 22351*x + 359410. What is s(16)?
2
Let y(z) = 19*z**2 + 3253*z - 527979. Determine y(-273).
3
Let u(k) = k**3 + 69*k**2 + 250*k + 3320. Calculate u(-66).
-112
Let w(c) = -8*c**2 + 7878*c + 102201. What is w(-13)?
-1565
Let b(t) = -16057*t + 224831. Give b(14).
33
Let r(f) = 41*f**2 - 42417*f - 18632. What is r(1035)?
-2
Let o(t) = 57343*t + 15539956. Determine o(-271).
3
Let m(f) = -1282*f**2 + 8935*f + 57. Determine m(7).
-216
Let g(j) = 169*j + 6607. Give g(-56).
-2857
Let x(s) = -4*s**2 + 212*s + 1502. Calculate x(58).
342
Let x(j) = j**3 - 83*j**2 - 162*j - 15. Give x(85).
665
Let f(s) = 322*s**3 + 4*s**2 - 131*s - 137. What is f(-1)?
-324
Let o(r) = 327*r + 6428. Give o(-11).
2831
Let r(y) = -66027*y**2 - 2244915*y + 95. Calculate r(-34).
-7
Let k(x) = 8740*x - 2377257. What is k(272)?
23
Let m(x) = -10*x**2 + 963*x - 19594. Determine m(67).
37
Let n(j) = 1400*j - 99578. Determine n(71).
-178
Let h(m) = 551117*m - 2755589. What is h(5)?
-4
Let i(q) = q**3 - 21*q**2 - 282*q + 225. Determine i(30).
-135
Let q(v) = 12*v**3 + 51*v**2 - 11*v - 7. Calculate q(-8).
-2799
Let s(r) = -r**2 - 31*r + 12964. Give s(100).
-136
Let l(y) = -y**3 + 42*y**2 - 370*y - 337. What is l(14)?
-29
Let n(w) = -w**3 + 41*w**2 - 359*w + 2295. Give n